rime factors of w?
103
Let s = 117 + -41. List the prime factors of s.
2, 19
Let a(q) = -q + 8. Suppose 0*j = j + s - 1, 0 = 3*j + 4*s. Suppose 3*w + 2*w - 40 = 4*f, j*w + 5*f = -9. List the prime factors of a(w).
2
Let t(k) = -k + 8. Let g be t(6). Let u be 0/3*(-3 + g). Suppose -6*r + 5*r + 10 = u. What are the prime factors of r?
2, 5
Let k(s) = -5 + 1 + 2*s - 3. What are the prime factors of k(6)?
5
Let i(f) = -3*f + 13. Let y be i(9). What are the prime factors of (y/(-21))/((-4)/(-30))?
5
Suppose -56 = -3*n + 5*q, -4*n - q = -36 - 8. What are the prime factors of -1*n/4 + 44?
41
Let n(b) = b + 13. Let c be n(-10). Suppose 0 = -4*k + c*k + 7. What are the prime factors of k?
7
Let f be (1 + 0)/((-1)/(-1)). Let u(d) = d**2 + 2*d - 14. Let y be u(3). Let l = f + y. What are the prime factors of l?
2
Suppose -3*k + 27 = -b + k, -3*b = 5*k + 30. What are the prime factors of 27/9 - b*1?
2, 3
Suppose -30 = 5*o - 10. What are the prime factors of o/(-22) + 3804/132?
29
Let o(w) = w**3 + 3*w**2 - 5*w - 4. Let g(r) = -r**3 - 8*r**2 - 6*r + 4. Let h be g(-7). Let u be o(h). Suppose 13 = 4*d - u. List the prime factors of d.
2, 3
Let f(r) = -r + 7. Suppose 1 = n, -3*z = 2*z - 3*n - 12. Let p be f(z). Suppose -3*l - y = -p*y - 24, l - 4*y = 11. List the prime factors of l.
7
Let t = 8 - 10. List the prime factors of (-2 + 0)/t - -16.
17
Suppose 5*w - w + 48 = 0. Let i = 5 + w. List the prime factors of (-124)/i + (-2)/(-7).
2, 3
Suppose 5*b = 5*n - 0*b - 255, 3*n - 152 = 4*b. List the prime factors of n.
2, 13
Suppose 5*d + 2*n - 37 = 0, 6*d + 4*n - 39 = d. Suppose -2*t = -2*b + 1 + d, -5*b + 10 = 0. What are the prime factors of (-1)/t - (-34)/4?
3
Suppose 0 = -2*v + 92 + 8. What are the prime factors of v?
2, 5
Let y(b) be the third derivative of -b**4/8 - b**3 - 3*b**2. List the prime factors of y(-5).
3
Let h be 1/(((-2)/(-1))/8). Suppose h*k + 0 = 32. Let g(a) = -a**2 + 9*a + 9. What are the prime factors of g(k)?
17
What are the prime factors of (-2)/44*4 - 114/(-22)?
5
Let b = 1 - 2. Let g be (-7)/b + (-4 - -2). Suppose g*a - 4*q - 36 = 0, 0*a - 4*q = 2*a + 8. What are the prime factors of a?
2
Let s(q) = -q**2 + 5*q - 1. Let i(l) = -l**3 + 8*l**2 - 6*l - 3. Suppose -4*r + 2 + 26 = 0. Let m be i(r). List the prime factors of s(m).
3
What are the prime factors of -3*(5 + -4)*(-43)/3?
43
List the prime factors of 0 + 38 - 0/(-13).
2, 19
Let q = 50 - -10. Suppose -4*a - 8 + q = 0. List the prime factors of a.
13
Let n be (-18)/81 - 724/(-18). What are the prime factors of (n/(-25))/(2/(-15))?
2, 3
Let v = 3 - -1. Suppose 0*x - 124 = v*x. Let w = x + 43. List the prime factors of w.
2, 3
Suppose -5*j - 67 + 190 = 3*u, u - 4*j - 24 = 0. Suppose -u = -3*r - 3*a, 2*r + 3*a + 2 = 31. Let f = 15 - r. What are the prime factors of f?
2
Let i(k) = k + 2. Let m(x) = x + 3. Let a be m(7). Let g be -1*2*(-35)/a. List the prime factors of i(g).
3
Let q(l) = -4*l**3 + l**2 + l. List the prime factors of q(-1).
2
Let w(x) = 27*x + 3. Let d(p) = p. Let s(j) = 18*d(j) - w(j). What are the prime factors of s(-3)?
2, 3
Let w = 1 + 3. Suppose o + 14 = 3*x, -2*x + 30 = 3*x + 5*o. Suppose -x*r - w*q + 17 = -q, 3*q = 2*r - 11. List the prime factors of r.
2
Let j = 7 + -4. Suppose j*u + 1 = 82. Suppose -3 - u = -3*z. List the prime factors of z.
2, 5
Let f be (6 + -4)*(1 + 1). Suppose 0 = 2*o - 6*o - f*r + 28, 0 = -4*r - 20. What are the prime factors of o?
2, 3
Let s be (3/3 - 0) + 3. Let a = s - 2. Suppose 5*g + a*f - 16 - 6 = 0, g - 3 = f. List the prime factors of g.
2
Let f(l) = 2*l**2 + 10*l + 7. List the prime factors of f(-6).
19
List the prime factors of 2 - (2 - 4) - 2.
2
Suppose 0 = 3*x - 2*x - 12. Let n = -6 + x. Suppose 0 = -n*h + h + 45. What are the prime factors of h?
3
Let d = 3 + -5. Let u(n) = -n**2 + n - 1. Let i be u(d). Let y = i - -13. List the prime factors of y.
2, 3
Suppose 5*h = -5*c, 9*h - 3*c + 32 = 4*h. Let r be (-63)/6*h/3. What are the prime factors of 4/r - (-770)/49?
2
List the prime factors of (-24)/(-4) - (-4)/(-1).
2
Suppose 4*k - 4*d - 4 = -0*d, -3*k + 5*d - 1 = 0. Suppose k*s + 66 = 3*u, 38 = 4*u - s - 44. List the prime factors of u.
2, 5
Let s(q) = -q**3 - 10*q**2 - 8*q + 11. Let t be (2/(-6))/(3/(-9)). Let z be t/(-3) + (-52)/6. List the prime factors of s(z).
2
Let n(g) = 2*g**2 + g - 1. Suppose f = 1 - 0. Suppose f = -2*h + 3. List the prime factors of n(h).
2
Let v(a) = 3*a + a + a. Suppose -6 - 7 = -3*d - 5*u, -d - 1 = -u. What are the prime factors of v(d)?
5
Let g = -26 + 16. Suppose x + 2 = 3*x. Let a = x - g. List the prime factors of a.
11
What are the prime factors of (-98 - 2/(-2))*(5 + -6)?
97
Let g be (-27 + 0)*-1 + -1. Let o be (-2 + g/4)*2. Suppose 2*d - d - 39 = -3*p, -p + o = -d. What are the prime factors of p?
2, 3
Let l(g) = 2*g**2 + 2. Let y be l(2). Suppose -4*k - 5*t + 41 = 0, k - 30 = 2*t - y. List the prime factors of k.
2, 7
Suppose 0 = s - 5, 2*p - 3*s + 4 + 7 = 0. What are the prime factors of p/(-5) + (-214)/(-10)?
3, 7
Let z(a) = -a**2 - 8*a - 5. List the prime factors of z(-5).
2, 5
Let m(b) be the first derivative of b**4/4 - 7*b**3/3 + 7*b**2/2 + 6*b + 4. Let c = 7 + -1. List the prime factors of m(c).
2, 3
Let v(z) = 269*z**3 + z**2 - z - 1. What are the prime factors of v(1)?
2, 67
Suppose 0 = 3*x + 5*v - 29, -35 = -5*x - 0*x - 5*v. Let h(z) = -z**3 + 4*z**2 + 2*z - 2. List the prime factors of h(x).
13
Let y(d) = d**3 - 3*d**2 - d - 3. Let g(p) = p - 5. Let l be g(9). List the prime factors of y(l).
3
Suppose 3*m = 2*m + 31. Suppose -10 = 3*u - m. List the prime factors of u.
7
Suppose -5*x - 21 = -2*x. Let g(z) = -3*z - 7. Let n be g(x). Suppose -19 = -3*l + n. List the prime factors of l.
11
Let j be (4 - 6)*(-2)/(-4). List the prime factors of ((-1)/j)/(1/4).
2
What are the prime factors of 825/22*(0 + (-8)/(-6))?
2, 5
Suppose -4*k + 2*k = -216. List the prime factors of k.
2, 3
Let o(t) = t + 11 + 11 - 6 + 0*t. What are the prime factors of o(-7)?
3
Let v(g) = -10*g**3 + 8*g**2 + 25*g + 18. Let i(q) = -5*q**2 + 7*q**3 + 8 - 20 - 17*q + 0*q. Let p(b) = 7*i(b) + 5*v(b). List the prime factors of p(6).
2, 3
Let h(p) = p**2 - 3*p - 4. Let n be h(5). Let w be (-9)/n - 2/(-4). Let t = 12 - w. What are the prime factors of t?
13
Suppose 0 = 2*s - 4*z - 24, -3*s + 4 = s + 3*z. List the prime factors of s.
2
Let p = -2 + 4. Let c = p + 0. Suppose -t + 20 = -3*j - j, c*j - 4 = -3*t. What are the prime factors of t?
2
Suppose 5*r = 3*r, -2*z - 4*r = -344. List the prime factors of z.
2, 43
Suppose 3*g + 0*b = 2*b + 158, -3*g + 162 = -3*b. What are the prime factors of g?
2, 5
Suppose -152 = -4*l - 20. Suppose -4*k + 2*u = -54, 2*k + 3*u = 4*k - l. List the prime factors of k.
2, 3
What are the prime factors of 3/(-42)*2 + (-213)/(-21)?
2, 5
Let t(z) = -z - 10. Let i be t(-7). Let d(j) = j**3 + 2*j**2 - 5*j - 4. Let u be d(i). Suppose -4*c + 10 = -u. List the prime factors of c.
3
List the prime factors of (-1)/(-2 + (-26)/(-14)).
7
Let q be ((-4)/(-5))/((-5)/(-25)). Suppose -q = 4*h + 5*t, 0*h = -4*h - 2*t + 8. Suppose 0 = 5*n + 4*c - 16, 3*n = n - 4*c + h. List the prime factors of n.
2
Suppose -3*u + 8 = -22. What are the prime factors of u?
2, 5
Suppose -s + 68 + 120 = 0. List the prime factors of s.
2, 47
Let r = 4 + -1. Suppose -2*q + 2*o + 56 = 0, 5*q - 123 = r*o + 17. Let f = q - 18. List the prime factors of f.
2, 5
Suppose -5*j - 10 = -5*l, -2*l - 4 = 3*j - 23. List the prime factors of (j + -5)/(2/(-7)).
7
Let d(n) = -n**3 + 15*n**2 + 14. List the prime factors of d(15).
2, 7
Let r = -162 + 248. List the prime factors of r.
2, 43
List the prime factors of 115/3 + (-4)/(-6).
3, 13
Suppose -15 = -4*k + 25. Suppose m - 15 = -3*b + 4*m, -4*m = -2*b + k. Suppose 18 = o - 2*g, -46 = -5*o + b*g + 44. List the prime factors of o.
2, 3
Let o(p) = p**2 + 4*p + 2. Let l be o(-4). Suppose 4*d - 32 = -l*r, -25 + 1 = -4*r + 2*d. List the prime factors of r.
2
Let j = 44 + -21. Suppose 0 = 4*l - j - 41. Suppose y - 4*q + 6 = 0, 5*q - l = -4*y + 44. What are the prime factors of y?
2, 5
Suppose k = 3*k - 24. What are the prime factors of 4*1*33/k?
11
Suppose -57 = -4*c + q, 2*q = -2*c - 3*c + 55. Let g = c + 6. What are the prime factors of g?
19
Suppose -2*a = 2*a - 8. Let q = a - -8. List the pri